 t(-10).
-18
Let f(z) = 19*z - 38. Give f(-4).
-114
Let c(u) = -u**3 + 23*u**2 + 25*u - 29. Give c(24).
-5
Let r(g) = -g**3 - 7*g**2 - 3*g - 2. Give r(-5).
-37
Let f(y) = y**2 + y. Calculate f(-3).
6
Let g(b) = b - 24. Give g(6).
-18
Let y(b) = 74*b - 370. Determine y(5).
0
Let p(g) = -17*g - 205. What is p(-12)?
-1
Let x(g) = 3*g**3 - g**2 - 2*g + 2. Determine x(-2).
-22
Let m(n) = n + 1. Give m(2).
3
Let i(y) = -y**3 + 21*y**2 - 39*y + 22. Calculate i(19).
3
Let z(x) = -x**3 - 9*x**2 - 7. What is z(-9)?
-7
Let h(y) = -y**3 - 9*y**2 - 14*y + 8. Give h(-7).
8
Let i(q) = 40*q**3 + q + 1. Give i(-1).
-40
Let c(l) = l**2 - 2*l - 2. Calculate c(4).
6
Let u(s) = 2*s**2 + 13*s - 10. What is u(-7)?
-3
Let i(r) = -r**3 + 3*r**2 - 4*r + 3. Calculate i(4).
-29
Let o(d) = -d**3 - 4*d**2 + 5*d + 1. Determine o(-5).
1
Let t(h) = 6*h - 1. Give t(8).
47
Let g(b) = b**2 + 3*b + 2. Give g(-3).
2
Let q(u) = u**3 - 17*u**2 - 3*u + 50. What is q(17)?
-1
Let b(z) = z**2 - 14*z + 12. Give b(12).
-12
Let a(j) = j**2 + 7*j - 5. Calculate a(0).
-5
Let p(c) = -3*c**2 - 3*c + 26. Calculate p(-6).
-64
Let p(m) = m**2 + 1. Calculate p(4).
17
Let c(i) = -11*i**3 - i**2 + i + 1. Give c(-1).
10
Let x(y) = -11*y + 26. Determine x(9).
-73
Let g(w) = w**2 - 2*w - 55. Determine g(-7).
8
Let o(u) = -u**2 + 16*u - 27. What is o(14)?
1
Let z(d) = -5*d - 3. Determine z(-6).
27
Let j(b) = b**3 - 7*b**2 + 5*b + 8. Give j(6).
2
Let j(h) = -h**3 - 4*h**2 - 4*h - 1. What is j(-3)?
2
Let r(y) = -14*y - 33. Determine r(-2).
-5
Let r(n) = -n**3 + 9*n**2 - 2*n + 22. Determine r(9).
4
Let f(u) = 4*u - 122. Give f(28).
-10
Let w(m) = 16*m + 3. What is w(5)?
83
Let r(t) = 37*t + 519. What is r(-14)?
1
Let u(k) = 8*k - 50. Determine u(6).
-2
Let i(g) = -g**3 + 21*g**2 - 109*g - 11. Determine i(10).
-1
Let i(m) = m**3 - 9*m**2 + 10*m + 16. Determine i(8).
32
Let f(d) = d**3 - 9*d**2 + 10*d - 4. Determine f(8).
12
Let x(r) = 2*r**2 - 2*r. Calculate x(4).
24
Let y(q) = -q**2 - 13*q + 10. What is y(-13)?
10
Let q(z) = -2*z - 5. Give q(11).
-27
Let c(m) = m**3 + 4*m**2 + 3*m - 7. Calculate c(-3).
-7
Let y(i) = 48*i - 2. Calculate y(1).
46
Let v(o) = o**2 + 8*o + 8. Give v(-8).
8
Let c(r) = r**2 - 7*r + 8. Calculate c(6).
2
Let t(z) = -z + 4. Calculate t(0).
4
Let b(o) = -5*o - 2. Determine b(-2).
8
Let j(k) = k**3 + 6*k**2 - 11. What is j(-8)?
-139
Let j(m) = 4*m - 63. Determine j(19).
13
Let s(f) = -f**3 + 25*f**2 - 22*f - 56. What is s(24)?
-8
Let r(k) = k - 16. Calculate r(9).
-7
Let m(b) = -3*b + 10. Give m(9).
-17
Let h(g) = 41*g + 7. Give h(3).
130
Let o(s) = -s**3 + 16*s**2 - 3*s + 29. What is o(16)?
-19
Let o(x) = -x - 16. Calculate o(-13).
-3
Let l(i) = i**3 + 11*i**2 - 26*i - 26. Give l(-13).
-26
Let y(w) = -w - 4. What is y(-13)?
9
Let i(w) = -w**2 - 2*w + 7. What is i(0)?
7
Let l(j) = -4*j**2 + 5*j + 6. What is l(-2)?
-20
Let a(d) = d**3 - 10*d**2 + 4*d + 13. Determine a(9).
-32
Let p(t) = t**3 - 14*t**2 + 18*t - 3. Calculate p(13).
62
Let t(k) = 14*k + 152. What is t(-10)?
12
Let j(o) = 2*o**2 - 7*o - 4. What is j(6)?
26
Let x(q) = q**3 - 11*q**2 - 4*q + 9. Determine x(5).
-161
Let y(m) = -m**2 + 13*m + 6. What is y(-8)?
-162
Let d(m) = 5*m**3 + 2*m**2 + 3*m + 1. Give d(-2).
-37
Let u(s) = 152*s - 450. What is u(3)?
6
Let j(c) = c**3 - 13*c**2 - 3*c + 18. What is j(13)?
-21
Let g(q) = -q**3 + 10*q**2 - 29*q + 4. Determine g(5).
-16
Let a(f) = 4*f**2 - 42*f + 12. Determine a(10).
-8
Let t(h) = -h**2 + 14*h - 7. Give t(13).
6
Let r(j) = -j**2 + 11*j + 7. Determine r(8).
31
Let v(q) = q**2 + 3*q - 58. Determine v(-9).
-4
Let o(c) = -c**3 + 8*c**2 - 6*c - 3. Give o(7).
4
Let b(k) = k**2 - 20*k + 32. Determine b(19).
13
Let s(m) = m**3 + m**2 - m - 1. Give s(2).
9
Let j(b) = -2*b**3 + 3*b**2 - 7*b + 5. Give j(2).
-13
Let y(o) = 4*o + 3. Give y(-7).
-25
Let w(i) = -2*i**2 - 14*i - 7. Give w(-10).
-67
Let l(m) = -68*m - 480. Calculate l(-7).
-4
Let h(v) = -v**3 + 5*v**2 - 3. Calculate h(4).
13
Let b(n) = -3*n**2 + 6. Give b(3).
-21
Let h(w) = -w**2 + 10*w - 3. Give h(6).
21
Let c(x) = -x**2 + 8*x + 11. Calculate c(8).
11
Let x(s) = -58*s - 2. Determine x(-1).
56
Let y(n) = 9*n - 3. Determine y(4).
33
Let n(g) = -g**3 - 2*g**2 + 13*g + 2. Give n(-5).
12
Let z(h) = h**2 + h - 34. What is z(6)?
8
Let u(j) = j**3 + 15*j**2 + 8*j - 36. What is u(-14)?
48
Let a(z) = z**3 + 9*z**2 - 8*z + 5. What is a(-10)?
-15
Let k(b) = -24*b - 330. Calculate k(-14).
6
Let i(o) = 5*o + 3. What is i(4)?
23
Let t(z) = z**2 + 12*z + 31. Calculate t(-8).
-1
Let v(o) = o**3 - 8*o**2 + 2*o + 4. What is v(7)?
-31
Let k(t) = 9*t. Determine k(-4).
-36
Let j(r) = -r**3 + 23*r**2 + 50*r - 29. What is j(25)?
-29
Let p(n) = 8*n - 46. Give p(22).
130
Let b(m) = 8*m**2 + 10*m + 3. Calculate b(-3).
45
Let m(o) = -o**3 + 12*o**2 - 2*o - 1. What is m(12)?
-25
Let b(j) = -j**2 - 10*j - 16. What is b(-7)?
5
Let n(s) = s**3 - 6*s**2 + 3. Determine n(6).
3
Let s(j) = j**3 + 16*j**2 - 16*j + 9. Give s(-17).
-8
Let n(t) = -10*t**2 + t + 5. Give n(-3).
-88
Let i(j) = -j**2 + 7*j - 12. What is i(6)?
-6
Let x(w) = -w**2 + 8*w + 15. Calculate x(10).
-5
Let u(f) = 2*f**2 - 10*f + 9. Give u(6).
21
Let n(r) = -r**2 + 8*r - 8. What is n(8)?
-8
Let j(f) = 9*f**2 - 4*f + 2. What is j(1)?
7
Let y(w) = -w - 16. Determine y(15).
-31
Let d(c) = c**3 - 10*c**2 + 12*c + 7. What is d(9)?
34
Let k(h) = -3*h + 6. Give k(-3).
15
Let a(w) = 72*w - 364. Give a(5).
-4
Let f(c) = c**3 + 11*c**2 - 5*c + 88. Calculate f(-12).
4
Let v(u) = -5*u + 41. Calculate v(5).
16
Let s(a) = 2*a**2 - 2*a - 2. Determine s(6).
58
Let i(b) = b**3 + b**2 + b - 26. Determine i(0).
-26
Let g(v) = -5*v + 98. Calculate g(19).
3
Let x(h) = -h**3 - 11*h**2 - 5*h - 16. Determine x(-11).
39
Let d(c) = c**3 + 8*c**2 + 7*c - 6. What is d(-7)?
-6
Let w(b) = b**3 + 3*b**2 - 7*b + 11. What is w(-5)?
-4
Let k(f) = -f**3 + 5*f + 12. Determine k(-2).
10
Let n(l) = -l**3 + 10*l**2 - 6*l + 18. Determine n(9).
45
Let g(k) = k**3 - 4*k**2 - 5*k + 16. Give g(5).
16
Let z(t) = t**2 - 14*t - 99. Calculate z(19).
-4
Let d(x) = -6*x + 7. Calculate d(4).
-17
Let c(j) = 47*j**3 + j**2 - 2*j. Give c(1).
46
Let a(d) = 4*d - 6. What is a(3)?
6
Let a(o) = -3*o**3 - 5*o**2 + 2*o - 20. Calculate a(-4).
84
Let f(v) = 9*v - 22. Calculate f(6).
32
Let m(b) = b**3 + 13*b**2 + 13*b + 8. What is m(-12)?
-4
Let q(y) = -y**3 - 10*y**2 - y - 4. Calculate q(-10).
6
Let a(z) = -z**2 - 5*z + 16. Give a(-8).
-8
Let t(y) = y**2 - 14*y + 46. Determine t(10).
6
Let c(q) = 7*q - 9. Calculate c(3).
12
Let v(m) = 4*m**3 + m**2 - 2. Determine v(-2).
-30
Let z(o) = 14*o + 126. Determine z(-9).
0
Let l(n) = 15*n**2 + 10*n + 4. Calculate l(-2).
44
Let z(j) = 2*j**3 - 8*j**2 - 28*j + 107. What is z(4)?
-5
Let t(j) = 2*j**3 - 13*j**2 - 7*j - 1. What is t(7)?
-1
Let m(s) = -15*s - 94. Give m(-6).
-4
Let q(p) = -p**3 - 13*p**2 - 25*p - 48. Calculate q(-11).
-15
Let x(c) = c**2 - 28*c + 4. What is x(28)?
4
Let n(s) = 3*s**2 + 9*s - 38. Calculate n(4).
46
Let j(o) = -o + 13. Calculate j(20).
-7
Let t(v) = v + 21. Calculate t(-10).
11
Let b(p) = -p**2 - 3*p - 2. Give b(-5).
-12
Let m(l) = -l**3 - 2*l**2 - l - 4. What is m(-3)?
8
Let k(u) = -33*u + 158. Calculate k(8).
-106
Let g(x) = 4*x - 18. Determine g(9).
18
Let q(k) = -k**3 - 7*k**2 - 3*k + 9. Calculate q(-6).
-9
Let v(w) = w + 46. Give v(-30).
16
Let y(p) = -2*p**2 + 4. Give y(-2).
-4
Let v(x) = 9*x - 533. What is v(59)?
-2
Let f(i) = 5*i - 3. Determine f(-1).
-8
Let y(v) = 4*v**2 + 2*v - 2. Calculate y(2).
18
Let l(f) = -f**3 - 2*f**2 + 2*f + 1. Determine l(-4).
25
Let h(x) = x**2 + 15*x + 18. Determine h(-13).
-8
Let w(a) = a**3 + 11*a**2 - 12*a + 5. What is w(-12)?
5
Let l(j) = j**2 + 4*j + 3. What is l(-4)?
3
Let a(p) = p**3 + 6*p**2 + 8*p + 10. Calculate a(-5).
-5
Let k(p) = -p**2 - 2*p - 8. Give k(-2).
-8
Let j(n) = n - 16. Determine j(0).
-16
Let i(m) = m - 3. Calculate i(-3).
-6
Let w(x) = x + 5. Give w(11).
16
Let d(g) = -g**2 - 2*g + 2. Give d(-8).
-46
Let t(m) = m**3 - 2*m**2 - 8*m + 3. Determine t(5).
38
Let t(k) = -k**2 + 16*k - 100. Calculate t(11).
-45
Let y(u) = 2*u**3 - 6*u**2 - 15*u + 11. Calculate y(5).
36
Let x(r) = r**2 - 11*r - 70. Give x(16).
10
Let r(i) = -i**2 + 9*i - 34. What is r(9)?
-34
Let s(d) = 5*d + 111. Calculate s(-23).
-4
Let h(j) = j + 16. Determi